+ 2?
True
Let o = -7 + 2. Let b = 10 - o. Is 5 a factor of b?
True
Let m(o) = -16*o + 13. Let s be m(10). Let p = -72 - s. Does 19 divide p?
False
Let a(v) = 23*v**2 + 2*v + 1. Let o be a(-1). Let j be (o/4)/((-1)/(-2)). Suppose 3 + j = 2*d. Does 7 divide d?
True
Suppose 3*f = 6, -6*u + 4*u + f + 40 = 0. Suppose -3*d + 6*d = u. Does 3 divide d?
False
Let d(s) = -s**2 - 9*s + 3. Suppose -33 = 4*z - 5*n, 17 = -2*z + 4*n - 1. Is d(z) a multiple of 11?
False
Let a(x) = x**2 + 12. Does 4 divide a(0)?
True
Is 7 a factor of 1/2*(67 - -3)?
True
Let n(t) = -t**2 - 10*t + 1. Does 5 divide n(-9)?
True
Let r(v) = -51*v + 19. Is r(-2) a multiple of 11?
True
Let m(o) = o**2 - 20*o + 23. Is 2 a factor of m(19)?
True
Let d(k) = 86*k + 2. Let w be d(-1). Is -1 - 3 - w - -3 a multiple of 22?
False
Does 24 divide (1*25 + -4 + 3)*1?
True
Let h(m) = 2*m**2 + 4*m + 21. Is 15 a factor of h(-6)?
False
Let q(b) = -19*b**3 + 4*b**2 - 2*b - 1. Does 51 divide q(-3)?
False
Let j = -13 + 38. Let f = -25 + 87. Suppose 5*g + 5*o = o + f, 0 = -g - 5*o + j. Is g a multiple of 4?
False
Let h(g) = -g**3 - 7*g**2 - 5*g + 8. Let s be h(-6). Suppose -2*f = -l + 22 + 30, s*f = -2*l + 80. Is 15 a factor of l?
False
Let s(x) = -6*x + 7*x + 3*x. Suppose -30 = -5*b + 5*f, 22 = 5*b - 6*f + 3*f. Does 4 divide s(b)?
True
Let f(b) = -2*b**3 - 3*b**2 + 2*b - 4. Let i be 18/10*10/2. Suppose -3*r + 0*r = i. Does 17 divide f(r)?
True
Let l(f) = -f**3 + 8*f**2 - f + 4. Let c be l(8). Let k be 2/c*(0 + -10). Is (k/(-1))/(2/(-6)) a multiple of 15?
True
Does 29 divide 56 + (-3)/(-3)*-1*-2?
True
Let x(u) = u + 2*u - 2*u**2 + 4 + 3*u**2. Let a = -30 + 27. Does 2 divide x(a)?
True
Let x = -69 - -123. Does 8 divide x?
False
Suppose 3*u - 4 = -x + 4, 0 = u - 5*x - 8. Let i = u - 2. Is i/((-2)/(-4)) - -33 a multiple of 17?
False
Suppose -w - 5 = 0, -4*a + 0*a - 8 = 4*w. Suppose k - 14 = -a. Is 8 a factor of k?
False
Is -10*7/(-6)*3 a multiple of 17?
False
Let k(l) = l**3 - 4*l**2 + 2*l - 4. Let q be k(4). Suppose -q*j - j = -30. Suppose -4*n = v - j*n - 20, 4*n = 3*v - 52. Is 6 a factor of v?
True
Let n be (6 - (1 - 1))/1. Let m = n - 3. Suppose m*d + 27 = 4*i, 5*d = i - 3*i + 7. Is i a multiple of 4?
False
Let u = 281 - 173. Does 27 divide u?
True
Suppose -k + u + 524 = 4*k, -3*k = -3*u - 312. Suppose -l = -4*l + k. Suppose 0 = 5*y - 20 - l. Is 10 a factor of y?
False
Suppose -5*v = 3*l - 2*v - 156, -3*v = 5*l - 250. Is l a multiple of 11?
False
Let b(w) = -w. Let x = -17 + 11. Is 6 a factor of b(x)?
True
Let w(i) = -i + 18. Let l = 15 + -11. Suppose 0 = -r + l*r. Does 5 divide w(r)?
False
Let n = 3 + 0. Let z(b) = -b. Let k be z(n). Is 0/(k - -1) + 23 a multiple of 11?
False
Suppose 0*u = 2*q + 2*u, 6 = q - u. Suppose -q*f + 2*f = 0. Suppose 3*c + 4*g - 132 = 0, f = -5*c - g - 3*g + 212. Is 10 a factor of c?
True
Suppose 0 = -2*f + 3*w + 14, 2*w - 7 - 37 = -4*f. Is 2 a factor of f?
True
Let u be 6 - (-1 + 0 + 2). Suppose 0 = -0*w - u*w. Suppose 0*i + i - 12 = w. Does 6 divide i?
True
Let i(z) = -z + 3. Let p be i(3). Suppose p = -2*b - 12 + 92. Let g = b + -14. Is g a multiple of 13?
True
Let m(w) = -116*w - 14. Let r(u) = 39*u + 5. Let k(g) = -4*m(g) - 11*r(g). Does 12 divide k(1)?
True
Suppose 3*o - 220 = -5*u - 52, -224 = -4*o - 2*u. Does 14 divide o?
True
Let g(v) = v**2 - 4*v + 2. Let d(z) = -z**2 - 4*z - 1. Let c be d(-3). Let b be g(c). Does 12 divide (-3 - b) + (-1 - -26)?
True
Suppose 0 = 2*b + n - 40, 5*b - 174 = n - 60. Is 15 a factor of b?
False
Suppose 3*j - 16 = -j. Does 10 divide (-6 - -1)*(j - 8)?
True
Let j = -106 - -133. Is 2 a factor of j?
False
Let q = -83 - -97. Is 3 a factor of q?
False
Suppose w - 2 = -w. Let t(h) = 25*h**2 + h. Does 13 divide t(w)?
True
Suppose -5*j = -79 - 276. Is j a multiple of 5?
False
Suppose -20 = -o - 3*o. Let w be ((-12)/(-10))/(2/5). Suppose 40 = 2*z - 4*g, -o*g + 51 = w*z - 31. Does 7 divide z?
False
Let q(v) = v**2 - v + 4. Let s = 7 + -3. Let k be ((-3)/s)/(5/20). Does 16 divide q(k)?
True
Let i(f) = f + 6. Let z be i(-6). Suppose 3*o - 136 = -2*v, z*o - 2*o - v = -89. Does 14 divide o?
True
Let h(f) = 49*f - 2. Is 24 a factor of h(2)?
True
Is 28 a factor of 2/5 - 1254/(-15)?
True
Let c be 2*2/((-4)/(-2)). Is c - (-14)/4*2 a multiple of 8?
False
Suppose -4*n + 2*i + 6 = 2, -4 = -5*n + 3*i. Suppose x = 2*x + 4*r - 3, 0 = -5*x + n*r + 15. Suppose b = -x*b + 64. Does 12 divide b?
False
Let a(t) be the first derivative of -t**4/2 - 7*t**3/3 - 5*t**2/2 + 4*t - 10. Does 8 divide a(-4)?
True
Suppose 5*k + 0*k - 40 = 0. Suppose -2*h - l + 2*l + 15 = 0, h - k = l. Is h a multiple of 7?
True
Suppose 11*i - 323 = 997. Is i a multiple of 20?
True
Is 676/130 + (-2)/10 a multiple of 2?
False
Suppose -5 = -2*h - 1. Let f be 0/(h/(-2) - -3). Suppose f = 2*y - 2*n - 26, -2*y + 22 = 2*y + 2*n. Is y a multiple of 8?
True
Suppose 0 = 5*m - 75 - 165. Let j = m - 33. Is j a multiple of 13?
False
Let d(w) = -w**3 + 4*w**2 - 2*w + 1. Let q be d(3). Let y(x) = -22*x + 5. Let u(h) = 45*h - 11. Let a(l) = q*u(l) + 9*y(l). Is 13 a factor of a(-1)?
False
Let r = 3 - 3. Suppose f - 4*y + 3*y - 38 = r, 4*y = 2*f - 86. Is 11 a factor of f?
True
Suppose -c - 1 = -5. Suppose 6*h - 320 = 2*h. Suppose 0 = c*p - 4*o - h, 0 = -5*p - 2*o + 63 + 51. Is p a multiple of 11?
True
Let u be 4 + 17 + -1*1. Suppose 3*n + 5*l = 5, -2*n + 2*l = -2 + u. Let i = 8 + n. Is 2 a factor of i?
False
Suppose -2*y + y - 3*g - 15 = 0, 0 = -3*g - 12. Let p be (-2)/y + (-2)/3. Is (-10 + p)*12/(-15) a multiple of 5?
False
Let r = 16 + -11. Is r even?
False
Suppose o = -3*o + 16. Suppose -4*k = o*g + 81 + 123, -5*k + 5*g - 305 = 0. Let y = 82 + k. Does 13 divide y?
True
Let a(s) = 13*s**3 - 12*s**2 - 5*s - 7. Let c(f) = 7*f**3 - 6*f**2 - 3*f - 4. Let b(i) = 6*a(i) - 11*c(i). Let k be b(6). Is 12 a factor of 364/k + 2/(-10)?
False
Let k = 2 - 1. Does 10 divide -1*(k + -18) + 2?
False
Let t(a) be the third derivative of 4/3*a**3 + 0*a + 1/60*a**5 + a**2 + 0 + 1/8*a**4. Does 13 divide t(-6)?
True
Suppose d + 3 = 2*u + 20, 5*d - 94 = u. Is 2 a factor of d?
False
Suppose -2*h = 2*n - 80, -4*h + 78 = 2*n - 3*h. Does 11 divide n?
False
Suppose -2*q - 8 = -6*q + 4*i, 2 = 2*i. Let c be ((-2)/(-3))/(q/(-36)). Does 7 divide 3/12 - 86/c?
False
Let f(x) = 2*x**2 - 5*x - 3. Let w be f(5). Suppose 5*r - 2*p - w = 8, 0 = -3*r + 5*p + 37. Let j = 6 + r. Does 5 divide j?
True
Let v = 3 + -3. Let o = v + 0. Does 9 divide -3 + 2 + o + 19?
True
Let t(u) = -u + 8. Let h be t(5). Let z be 5/(-15) - (-10)/h. Suppose 3 - 18 = -z*b. Is b even?
False
Suppose -6*s = -5*s - 22. Is s a multiple of 11?
True
Suppose 7*c = 8*c + 24. Is ((-30)/4)/(9/c) a multiple of 10?
True
Let q(y) = -3*y + 1. Let j = 4 - 5. Let u be q(j). Suppose 0 = -u*n + 23 + 9. Is n a multiple of 4?
True
Let g(k) = -2*k - 6. Let u(s) = 2*s + 6. Let c(m) = -4*g(m) - 3*u(m). Suppose 2*f = -d - 2*d + 24, 3*f - 33 = -3*d. Is 8 a factor of c(f)?
True
Let c = -83 + 122. Is c even?
False
Suppose 0 = -3*j + 2*y + 676, 2*j = 5*j - 3*y - 681. Is j a multiple of 37?
True
Suppose 0 = 3*w - 109 - 59. Is w a multiple of 28?
True
Let m(t) = t - 5. Let h be m(5). Suppose 0 = -h*f - 4*f + 8, -4*w + f = 250. Let q = 105 + w. Is q a multiple of 11?
False
Let a(v) = -4*v**3 - 6*v**2 + 10*v. Let p(z) = z**3 - z - 1. Let h(m) = -a(m) - 3*p(m). Is h(-6) a multiple of 15?
True
Suppose k + 2*k - 3*r = 219, 5*r = k - 85. Is 14 a factor of k?
True
Let y = 138 - 75. Suppose 7*i - y = 4*i. Is i a multiple of 21?
True
Suppose 171 + 234 = 5*k. Is k a multiple of 9?
True
Suppose 0 = 4*w + 3*z - 131, 3*w - 63 = w - z. Is w a multiple of 4?
False
Suppose 0 = 2*r - 10, -5*l + 2*r = -109 + 19. Is l a multiple of 10?
True
Let i be -4 + 2 + -5 + 90. Suppose -2*k + k = -u + i, 0 = -u - k + 77. Is 20 a factor of u?
True
Suppose -2*x + 3*x - 5 = 0. Suppose -x*z = -46 - 39. Does 17 divide z?
True
Suppose -2*w = 9*w - 1650. Does 17 divide w?
False
Let a = -3 + 6. Suppose 4*n - a*l - 9 = 0, -3*l - 12 = -5*n + l. Suppose n = -4*g - 4 + 32. Is g a multiple of 5?
False
Suppose 3*n = -3*a + 69, 4*a + n - 102 = -n. Is 14 a factor of a?
True
Let s = 198 + -140. Suppose -z + 5*h + 16 = -26, 0 = 3*z + 2*h - s. Does 11 divide z?
True
Let d(y) = y - 11. Let p be d(12). Does 7 divide p - (3*-13)/3?
True
Let r = 0 - -5. L